{"id":26766,"date":"2025-07-29T17:43:04","date_gmt":"2025-07-29T15:43:04","guid":{"rendered":"https:\/\/shumans-monini-stage.ccws.it\/?post_type=recipe&#038;p=26766"},"modified":"2025-07-29T17:43:34","modified_gmt":"2025-07-29T15:43:34","slug":"tagliatelle-z-indykiem-paprykowym-pesto-i-suszonymi-pomidorami","status":"publish","type":"recipe","link":"https:\/\/shumans-monini-stage.ccws.it\/pl\/recipe\/tagliatelle-z-indykiem-paprykowym-pesto-i-suszonymi-pomidorami\/","title":{"rendered":"Tagliatelle z indykiem, paprykowym pesto i suszonymi pomidorami"},"content":{"rendered":"\n<section class=\"preparation \">\n\t<h6>Przygotowanie<\/h6>\n\t\n\n<div class=\"step-preparation \">\n <div>\n\t\n\n<p>Makaron ugotuj al dente. Przep\u0142ucz go zimn\u0105 wod\u0105. Mi\u0119so pokr\u00f3j na paseczki. Na patelni rozgrzej 3 \u0142y\u017cki oliwy Extra Vergin GranFruttato, podsma\u017c na niej mi\u0119so, dodaj\u0105c suszone oregano. Do podsma\u017conego mi\u0119sa dodaj drobno posiekany czosnek, dopraw pieprzem i sol\u0105. Prze\u0142\u00f3\u017c ugotowany wcze\u015bniej makaron na patelni\u0119 i wymieszaj. Wy\u0142\u0105cz patelni\u0119, a nast\u0119pnie dodaj sos Pesto Calabrese, pokrojone suszone pomidory i dok\u0142adnie wymieszaj ca\u0142o\u015b\u0107. Skrop danie pozosta\u0142\u0105 oliw\u0105. Podawaj tagliatelle udekorowane rukol\u0105 i \u015bwie\u017cymi pomidorkami koktajlowymi.<\/p>\n\n\n <\/div>\t\n<\/div>\n\n<\/section>\n\n\n\n<div style=\"height:50px\" aria-hidden=\"true\" class=\"wp-block-spacer\"><\/div>\n\n\n\n<div class=\"wp-block-group\"><div class=\"wp-block-group__inner-container\">\n<div class=\"wp-block-group is-style-spaced\"><div class=\"wp-block-group__inner-container\">\n<p>Przepis przygotowany przez\u00a0<strong>issabelall<\/strong><\/p>\n<\/div><\/div>\n<\/div><\/div>\n\n\n\n<p><\/p>\n","protected":false},"excerpt":{"rendered":"<p>Przepis przygotowany przez\u00a0issabelall<\/p>\n","protected":false},"author":3,"featured_media":26767,"menu_order":0,"template":"","meta":{"_acf_changed":false,"footnotes":""},"cat_recipe":[292],"difficulty_recipe":[295],"course_recipe":[301],"class_list":["post-26766","recipe","type-recipe","status-publish","has-post-thumbnail","hentry","cat_recipe-chef","difficulty_recipe-latwy","course_recipe-dania-glowne"],"yoast_head":"<!-- This site is optimized with the Yoast SEO plugin v25.8 - https:\/\/yoast.com\/wordpress\/plugins\/seo\/ -->\n<title>Tagliatelle z indykiem, paprykowym pesto i suszonymi pomidorami - Monini<\/title>\n<meta name=\"robots\" content=\"noindex, follow, max-snippet:-1, max-image-preview:large, max-video-preview:-1\" \/>\n<meta property=\"og:locale\" content=\"pl_PL\" \/>\n<meta property=\"og:type\" content=\"article\" \/>\n<meta property=\"og:title\" content=\"Tagliatelle z indykiem, paprykowym pesto i suszonymi pomidorami - Monini\" \/>\n<meta property=\"og:description\" content=\"Przepis przygotowany przez\u00a0issabelall\" \/>\n<meta property=\"og:url\" content=\"https:\/\/shumans-monini-stage.ccws.it\/pl\/recipe\/tagliatelle-z-indykiem-paprykowym-pesto-i-suszonymi-pomidorami\/\" \/>\n<meta property=\"og:site_name\" content=\"Monini\" \/>\n<meta property=\"article:publisher\" content=\"https:\/\/www.facebook.com\/MoniniOlio\/\" \/>\n<meta property=\"article:modified_time\" content=\"2025-07-29T15:43:34+00:00\" \/>\n<meta property=\"og:image\" content=\"https:\/\/shumans-monini-stage.ccws.it\/wp-content\/uploads\/2025\/07\/Screenshot-2025-07-29-at-17.33.50-1.png\" \/>\n\t<meta property=\"og:image:width\" content=\"1192\" \/>\n\t<meta property=\"og:image:height\" content=\"872\" \/>\n\t<meta property=\"og:image:type\" content=\"image\/png\" \/>\n<meta name=\"twitter:card\" content=\"summary_large_image\" \/>\n<meta name=\"twitter:label1\" content=\"Szacowany czas czytania\" \/>\n\t<meta name=\"twitter:data1\" content=\"1 minuta\" \/>\n<script type=\"application\/ld+json\" class=\"yoast-schema-graph\">{\"@context\":\"https:\/\/schema.org\",\"@graph\":[{\"@type\":\"WebPage\",\"@id\":\"https:\/\/shumans-monini-stage.ccws.it\/pl\/recipe\/tagliatelle-z-indykiem-paprykowym-pesto-i-suszonymi-pomidorami\/\",\"url\":\"https:\/\/shumans-monini-stage.ccws.it\/pl\/recipe\/tagliatelle-z-indykiem-paprykowym-pesto-i-suszonymi-pomidorami\/\",\"name\":\"Tagliatelle z indykiem, paprykowym pesto i suszonymi pomidorami - Monini\",\"isPartOf\":{\"@id\":\"https:\/\/shumans-monini-stage.ccws.it\/pl\/#website\"},\"primaryImageOfPage\":{\"@id\":\"https:\/\/shumans-monini-stage.ccws.it\/pl\/recipe\/tagliatelle-z-indykiem-paprykowym-pesto-i-suszonymi-pomidorami\/#primaryimage\"},\"image\":{\"@id\":\"https:\/\/shumans-monini-stage.ccws.it\/pl\/recipe\/tagliatelle-z-indykiem-paprykowym-pesto-i-suszonymi-pomidorami\/#primaryimage\"},\"thumbnailUrl\":\"https:\/\/shumans-monini-stage.ccws.it\/wp-content\/uploads\/2025\/07\/Screenshot-2025-07-29-at-17.33.50-1.png\",\"datePublished\":\"2025-07-29T15:43:04+00:00\",\"dateModified\":\"2025-07-29T15:43:34+00:00\",\"breadcrumb\":{\"@id\":\"https:\/\/shumans-monini-stage.ccws.it\/pl\/recipe\/tagliatelle-z-indykiem-paprykowym-pesto-i-suszonymi-pomidorami\/#breadcrumb\"},\"inLanguage\":\"pl-PL\",\"potentialAction\":[{\"@type\":\"ReadAction\",\"target\":[\"https:\/\/shumans-monini-stage.ccws.it\/pl\/recipe\/tagliatelle-z-indykiem-paprykowym-pesto-i-suszonymi-pomidorami\/\"]}]},{\"@type\":\"ImageObject\",\"inLanguage\":\"pl-PL\",\"@id\":\"https:\/\/shumans-monini-stage.ccws.it\/pl\/recipe\/tagliatelle-z-indykiem-paprykowym-pesto-i-suszonymi-pomidorami\/#primaryimage\",\"url\":\"https:\/\/shumans-monini-stage.ccws.it\/wp-content\/uploads\/2025\/07\/Screenshot-2025-07-29-at-17.33.50-1.png\",\"contentUrl\":\"https:\/\/shumans-monini-stage.ccws.it\/wp-content\/uploads\/2025\/07\/Screenshot-2025-07-29-at-17.33.50-1.png\",\"width\":1192,\"height\":872},{\"@type\":\"BreadcrumbList\",\"@id\":\"https:\/\/shumans-monini-stage.ccws.it\/pl\/recipe\/tagliatelle-z-indykiem-paprykowym-pesto-i-suszonymi-pomidorami\/#breadcrumb\",\"itemListElement\":[{\"@type\":\"ListItem\",\"position\":1,\"name\":\"Home\",\"item\":\"https:\/\/shumans-monini-stage.ccws.it\/pl\/\"},{\"@type\":\"ListItem\",\"position\":2,\"name\":\"Prezepisy\",\"item\":\"https:\/\/shumans-monini-stage.ccws.it\/pl\/recipe\/\"},{\"@type\":\"ListItem\",\"position\":3,\"name\":\"Tagliatelle z indykiem, paprykowym pesto i suszonymi pomidorami\"}]},{\"@type\":\"WebSite\",\"@id\":\"https:\/\/shumans-monini-stage.ccws.it\/pl\/#website\",\"url\":\"https:\/\/shumans-monini-stage.ccws.it\/pl\/\",\"name\":\"Monini\",\"description\":\"Una spremuta di olive\",\"potentialAction\":[{\"@type\":\"SearchAction\",\"target\":{\"@type\":\"EntryPoint\",\"urlTemplate\":\"https:\/\/shumans-monini-stage.ccws.it\/pl\/?s={search_term_string}\"},\"query-input\":{\"@type\":\"PropertyValueSpecification\",\"valueRequired\":true,\"valueName\":\"search_term_string\"}}],\"inLanguage\":\"pl-PL\"}]}<\/script>\n<!-- \/ Yoast SEO plugin. -->","yoast_head_json":{"title":"Tagliatelle z indykiem, paprykowym pesto i suszonymi pomidorami - Monini","robots":{"index":"noindex","follow":"follow","max-snippet":"max-snippet:-1","max-image-preview":"max-image-preview:large","max-video-preview":"max-video-preview:-1"},"og_locale":"pl_PL","og_type":"article","og_title":"Tagliatelle z indykiem, paprykowym pesto i suszonymi pomidorami - Monini","og_description":"Przepis przygotowany przez\u00a0issabelall","og_url":"https:\/\/shumans-monini-stage.ccws.it\/pl\/recipe\/tagliatelle-z-indykiem-paprykowym-pesto-i-suszonymi-pomidorami\/","og_site_name":"Monini","article_publisher":"https:\/\/www.facebook.com\/MoniniOlio\/","article_modified_time":"2025-07-29T15:43:34+00:00","og_image":[{"width":1192,"height":872,"url":"https:\/\/shumans-monini-stage.ccws.it\/wp-content\/uploads\/2025\/07\/Screenshot-2025-07-29-at-17.33.50-1.png","type":"image\/png"}],"twitter_card":"summary_large_image","twitter_misc":{"Szacowany czas czytania":"1 minuta"},"schema":{"@context":"https:\/\/schema.org","@graph":[{"@type":"WebPage","@id":"https:\/\/shumans-monini-stage.ccws.it\/pl\/recipe\/tagliatelle-z-indykiem-paprykowym-pesto-i-suszonymi-pomidorami\/","url":"https:\/\/shumans-monini-stage.ccws.it\/pl\/recipe\/tagliatelle-z-indykiem-paprykowym-pesto-i-suszonymi-pomidorami\/","name":"Tagliatelle z indykiem, paprykowym pesto i suszonymi pomidorami - Monini","isPartOf":{"@id":"https:\/\/shumans-monini-stage.ccws.it\/pl\/#website"},"primaryImageOfPage":{"@id":"https:\/\/shumans-monini-stage.ccws.it\/pl\/recipe\/tagliatelle-z-indykiem-paprykowym-pesto-i-suszonymi-pomidorami\/#primaryimage"},"image":{"@id":"https:\/\/shumans-monini-stage.ccws.it\/pl\/recipe\/tagliatelle-z-indykiem-paprykowym-pesto-i-suszonymi-pomidorami\/#primaryimage"},"thumbnailUrl":"https:\/\/shumans-monini-stage.ccws.it\/wp-content\/uploads\/2025\/07\/Screenshot-2025-07-29-at-17.33.50-1.png","datePublished":"2025-07-29T15:43:04+00:00","dateModified":"2025-07-29T15:43:34+00:00","breadcrumb":{"@id":"https:\/\/shumans-monini-stage.ccws.it\/pl\/recipe\/tagliatelle-z-indykiem-paprykowym-pesto-i-suszonymi-pomidorami\/#breadcrumb"},"inLanguage":"pl-PL","potentialAction":[{"@type":"ReadAction","target":["https:\/\/shumans-monini-stage.ccws.it\/pl\/recipe\/tagliatelle-z-indykiem-paprykowym-pesto-i-suszonymi-pomidorami\/"]}]},{"@type":"ImageObject","inLanguage":"pl-PL","@id":"https:\/\/shumans-monini-stage.ccws.it\/pl\/recipe\/tagliatelle-z-indykiem-paprykowym-pesto-i-suszonymi-pomidorami\/#primaryimage","url":"https:\/\/shumans-monini-stage.ccws.it\/wp-content\/uploads\/2025\/07\/Screenshot-2025-07-29-at-17.33.50-1.png","contentUrl":"https:\/\/shumans-monini-stage.ccws.it\/wp-content\/uploads\/2025\/07\/Screenshot-2025-07-29-at-17.33.50-1.png","width":1192,"height":872},{"@type":"BreadcrumbList","@id":"https:\/\/shumans-monini-stage.ccws.it\/pl\/recipe\/tagliatelle-z-indykiem-paprykowym-pesto-i-suszonymi-pomidorami\/#breadcrumb","itemListElement":[{"@type":"ListItem","position":1,"name":"Home","item":"https:\/\/shumans-monini-stage.ccws.it\/pl\/"},{"@type":"ListItem","position":2,"name":"Prezepisy","item":"https:\/\/shumans-monini-stage.ccws.it\/pl\/recipe\/"},{"@type":"ListItem","position":3,"name":"Tagliatelle z indykiem, paprykowym pesto i suszonymi pomidorami"}]},{"@type":"WebSite","@id":"https:\/\/shumans-monini-stage.ccws.it\/pl\/#website","url":"https:\/\/shumans-monini-stage.ccws.it\/pl\/","name":"Monini","description":"Una spremuta di olive","potentialAction":[{"@type":"SearchAction","target":{"@type":"EntryPoint","urlTemplate":"https:\/\/shumans-monini-stage.ccws.it\/pl\/?s={search_term_string}"},"query-input":{"@type":"PropertyValueSpecification","valueRequired":true,"valueName":"search_term_string"}}],"inLanguage":"pl-PL"}]}},"acf":[],"_links":{"self":[{"href":"https:\/\/shumans-monini-stage.ccws.it\/pl\/wp-json\/wp\/v2\/recipe\/26766","targetHints":{"allow":["GET"]}}],"collection":[{"href":"https:\/\/shumans-monini-stage.ccws.it\/pl\/wp-json\/wp\/v2\/recipe"}],"about":[{"href":"https:\/\/shumans-monini-stage.ccws.it\/pl\/wp-json\/wp\/v2\/types\/recipe"}],"author":[{"embeddable":true,"href":"https:\/\/shumans-monini-stage.ccws.it\/pl\/wp-json\/wp\/v2\/users\/3"}],"version-history":[{"count":1,"href":"https:\/\/shumans-monini-stage.ccws.it\/pl\/wp-json\/wp\/v2\/recipe\/26766\/revisions"}],"predecessor-version":[{"id":26781,"href":"https:\/\/shumans-monini-stage.ccws.it\/pl\/wp-json\/wp\/v2\/recipe\/26766\/revisions\/26781"}],"wp:featuredmedia":[{"embeddable":true,"href":"https:\/\/shumans-monini-stage.ccws.it\/pl\/wp-json\/wp\/v2\/media\/26767"}],"wp:attachment":[{"href":"https:\/\/shumans-monini-stage.ccws.it\/pl\/wp-json\/wp\/v2\/media?parent=26766"}],"wp:term":[{"taxonomy":"cat_recipe","embeddable":true,"href":"https:\/\/shumans-monini-stage.ccws.it\/pl\/wp-json\/wp\/v2\/cat_recipe?post=26766"},{"taxonomy":"difficulty_recipe","embeddable":true,"href":"https:\/\/shumans-monini-stage.ccws.it\/pl\/wp-json\/wp\/v2\/difficulty_recipe?post=26766"},{"taxonomy":"course_recipe","embeddable":true,"href":"https:\/\/shumans-monini-stage.ccws.it\/pl\/wp-json\/wp\/v2\/course_recipe?post=26766"}],"curies":[{"name":"wp","href":"https:\/\/api.w.org\/{rel}","templated":true}]}}

<section class="preparation ">
	<h6>Przygotowanie</h6>
	

<div class="step-preparation ">
 <div>
	

<p>Makaron ugotuj al dente. Przepłucz go zimną wodą. Mięso pokrój na paseczki. Na patelni rozgrzej 3 łyżki oliwy Extra Vergin GranFruttato, podsmaż na niej mięso, dodając suszone oregano. Do podsmażonego mięsa dodaj drobno posiekany czosnek, dopraw pieprzem i solą. Przełóż ugotowany wcześniej makaron na patelnię i wymieszaj. Wyłącz patelnię, a następnie dodaj sos Pesto Calabrese, pokrojone suszone pomidory i dokładnie wymieszaj całość. Skrop danie pozostałą oliwą. Podawaj tagliatelle udekorowane rukolą i świeżymi pomidorkami koktajlowymi.</p>


 </div>	
</div>

</section>



<div style="height:50px" aria-hidden="true" class="wp-block-spacer"></div>



<div class="wp-block-group"><div class="wp-block-group__inner-container">
<div class="wp-block-group is-style-spaced"><div class="wp-block-group__inner-container">
<p>Przepis przygotowany przez <strong>issabelall</strong></p>
</div></div>
</div></div>



<p></p>
